{"id":93,"date":"2013-04-10T08:50:28","date_gmt":"2013-04-10T08:50:28","guid":{"rendered":"http:\/\/wer-macht-was-in-nordhessen.de\/?page_id=93"},"modified":"2018-05-23T07:43:33","modified_gmt":"2018-05-23T07:43:33","slug":"delta-delta-trans","status":"publish","type":"page","link":"https:\/\/wbs-software.de\/?page_id=93","title":{"rendered":"delta"},"content":{"rendered":"<p><a href=\"http:\/\/wbs-software.de\/?attachment_id=244\" rel=\"attachment wp-att-244\"><img loading=\"lazy\" class=\"alignnone size-full wp-image-244\" src=\"http:\/\/wbs-software.de\/wp-content\/uploads\/2013\/05\/hp_banner_delta.jpg\" alt=\"hp_banner_delta\" width=\"940\" height=\"198\" srcset=\"https:\/\/wbs-software.de\/wp-content\/uploads\/2013\/05\/hp_banner_delta.jpg 940w, https:\/\/wbs-software.de\/wp-content\/uploads\/2013\/05\/hp_banner_delta-300x63.jpg 300w\" sizes=\"(max-width: 940px) 100vw, 940px\" \/><\/a><\/p>\n<ul>\n<li>Preisanfrage, Angebotserstellung mit \u00dcbernahme in die Auftragsbest\u00e4tigung<\/li>\n<li>automatische \u00dcbernahme der Verwiegungsdaten von allen Wiegesystemhersteller auf die Lieferscheine<\/li>\n<li>Neuerfassung von Kunden und Baustellen an der Fahrzeugwaage<\/li>\n<li>Lieferschein-Tagesjournal, Betriebstagebuch, Barverkauf, Kreditlimit\u00fcberwachung<\/li>\n<li>Preisfindung und Preispflege, alle Preisvarianten pro Artikel und Kunde hinterlegt<\/li>\n<li>Fakturierung, Storno, Gutschrift, Einzel oder Sammelrechnung nach Baustelle\/Kunde<\/li>\n<li>Regierechnungen, Valutierung, Rechnungsausgangsjournal<\/li>\n<li>Frachtgutschriften f\u00fcr Fuhrunternehmer<\/li>\n<li>Statistiken mit variablen Vergleichen und grafischen Darstellungen<\/li>\n<li>Daten\u00fcbernahme in Rechnungsarchiv und externe Archivierungssysteme<\/li>\n<li>Daten\u00fcbernahme in Finanzbuchhaltungen (Diamant, Datev, Varial, GDI, etc.)<\/li>\n<\/ul>\n","protected":false},"excerpt":{"rendered":"<p>Preisanfrage, Angebotserstellung mit \u00dcbernahme in die Auftragsbest\u00e4tigung automatische \u00dcbernahme der Verwiegungsdaten von allen Wiegesystemhersteller auf die Lieferscheine Neuerfassung von Kunden und Baustellen an der Fahrzeugwaage Lieferschein-Tagesjournal, Betriebstagebuch, Barverkauf, Kreditlimit\u00fcberwachung Preisfindung und Preispflege, alle Preisvarianten pro Artikel und Kunde hinterlegt Fakturierung, Storno, Gutschrift, Einzel oder Sammelrechnung nach Baustelle\/Kunde Regierechnungen, Valutierung, Rechnungsausgangsjournal Frachtgutschriften f\u00fcr Fuhrunternehmer Statistiken mit variablen Vergleichen und grafischen Darstellungen Daten\u00fcbernahme in Rechnungsarchiv und externe Archivierungssysteme Daten\u00fcbernahme in Finanzbuchhaltungen (Diamant, Datev, Varial, GDI, etc.)<\/p>\n","protected":false},"author":1,"featured_media":0,"parent":38,"menu_order":1,"comment_status":"closed","ping_status":"closed","template":"","meta":{"_monsterinsights_skip_tracking":false,"_monsterinsights_sitenote_active":false,"_monsterinsights_sitenote_note":"","_monsterinsights_sitenote_category":0,"spay_email":""},"_links":{"self":[{"href":"https:\/\/wbs-software.de\/index.php?rest_route=\/wp\/v2\/pages\/93"}],"collection":[{"href":"https:\/\/wbs-software.de\/index.php?rest_route=\/wp\/v2\/pages"}],"about":[{"href":"https:\/\/wbs-software.de\/index.php?rest_route=\/wp\/v2\/types\/page"}],"author":[{"embeddable":true,"href":"https:\/\/wbs-software.de\/index.php?rest_route=\/wp\/v2\/users\/1"}],"replies":[{"embeddable":true,"href":"https:\/\/wbs-software.de\/index.php?rest_route=%2Fwp%2Fv2%2Fcomments&post=93"}],"version-history":[{"count":12,"href":"https:\/\/wbs-software.de\/index.php?rest_route=\/wp\/v2\/pages\/93\/revisions"}],"predecessor-version":[{"id":440,"href":"https:\/\/wbs-software.de\/index.php?rest_route=\/wp\/v2\/pages\/93\/revisions\/440"}],"up":[{"embeddable":true,"href":"https:\/\/wbs-software.de\/index.php?rest_route=\/wp\/v2\/pages\/38"}],"wp:attachment":[{"href":"https:\/\/wbs-software.de\/index.php?rest_route=%2Fwp%2Fv2%2Fmedia&parent=93"}],"curies":[{"name":"wp","href":"https:\/\/api.w.org\/{rel}","templated":true}]}}